{"id":296,"date":"2020-01-17T08:22:06","date_gmt":"2020-01-17T07:22:06","guid":{"rendered":"http:\/\/www.appartement-schiffer.at\/app\/?page_id=296"},"modified":"2022-01-24T13:31:06","modified_gmt":"2022-01-24T12:31:06","slug":"appartement-102","status":"publish","type":"page","link":"https:\/\/www.appartement-schiffer.at\/app\/?page_id=296","title":{"rendered":"Appartement 102"},"content":{"rendered":"\n<p><strong>Kapazit\u00e4t max:<\/strong> 4 Personen, ca. 45 m\u00b2, 1. Obergeschoss<\/p>\n\n\n\n<p><strong>K\u00fcche:<\/strong> mit 2x Kochfeld, Mini Backofen, Schr\u00e4nke, K\u00fchlschrank mit Gefrierfach, Wasserkocher und Geschirr<\/p>\n\n\n\n<p><strong>Bad: <\/strong>mit Dusche und Waschbecken<\/p>\n\n\n\n<p><strong>Toilette:<\/strong> separat<\/p>\n\n\n\n<p><strong>Wohn- und Essraum<\/strong>: kombiniert mit ausziehbarer Couch, Esstisch, Garderobe und SAT-TV<\/p>\n\n\n\n<p><strong>Schlafzimmer:<\/strong> mit 1 Doppelbett und 1 Einzelbett<\/p>\n\n\n\n<p>Balkon, Elektroheizung, gratis W-LAN<\/p>\n\n\n\n<div class=\"wp-block-button aligncenter\"><a class=\"wp-block-button__link has-vivid-cyan-blue-background-color has-background\" href=\"https:\/\/www.appartement-schiffer.at\/app\/?page_id=599\" style=\"border-radius:10px\">Jetzt buchen<\/a><\/div>\n\n\n\n<p><\/p>\n\n\n\n<div class=\"wp-block-glsb-gosign-gallery-box-block gosign-gallery-box-block-container\"><div class=\"gosign-gallery-box-block\" data-slick=\"{&quot;slidesToShow&quot;:1,&quot;slidesToScroll&quot;:1,&quot;arrows&quot;:true,&quot;dots&quot;:true,&quot;speed&quot;:500,&quot;infinite&quot;:true,&quot;autoplay&quot;:true,&quot;autoplaySpeed&quot;:2000}\"><div class=\"gallery-box-item\"><img loading=\"lazy\" decoding=\"async\" width=\"1024\" height=\"683\" src=\"http:\/\/www.appartement-schiffer.at\/app\/wp-content\/uploads\/2020\/01\/MG_4368-2-1024x683.jpg\" alt=\"\" data-id=\"311\" data-link=\"http:\/\/www.appartement-schiffer.at\/app\/?attachment_id=311\" class=\"wp-image-311\" srcset=\"https:\/\/www.appartement-schiffer.at\/app\/wp-content\/uploads\/2020\/01\/MG_4368-2-1024x683.jpg 1024w, https:\/\/www.appartement-schiffer.at\/app\/wp-content\/uploads\/2020\/01\/MG_4368-2-300x200.jpg 300w, https:\/\/www.appartement-schiffer.at\/app\/wp-content\/uploads\/2020\/01\/MG_4368-2-768x512.jpg 768w, https:\/\/www.appartement-schiffer.at\/app\/wp-content\/uploads\/2020\/01\/MG_4368-2-1536x1024.jpg 1536w, https:\/\/www.appartement-schiffer.at\/app\/wp-content\/uploads\/2020\/01\/MG_4368-2-2048x1365.jpg 2048w\" sizes=\"auto, (max-width: 1024px) 100vw, 1024px\" \/><\/div><div class=\"gallery-box-item\"><img loading=\"lazy\" decoding=\"async\" width=\"1024\" height=\"683\" src=\"http:\/\/www.appartement-schiffer.at\/app\/wp-content\/uploads\/2020\/01\/MG_4357-3-1024x683.jpg\" alt=\"\" data-id=\"310\" data-link=\"http:\/\/www.appartement-schiffer.at\/app\/?attachment_id=310\" class=\"wp-image-310\" srcset=\"https:\/\/www.appartement-schiffer.at\/app\/wp-content\/uploads\/2020\/01\/MG_4357-3-1024x683.jpg 1024w, https:\/\/www.appartement-schiffer.at\/app\/wp-content\/uploads\/2020\/01\/MG_4357-3-300x200.jpg 300w, https:\/\/www.appartement-schiffer.at\/app\/wp-content\/uploads\/2020\/01\/MG_4357-3-768x512.jpg 768w, https:\/\/www.appartement-schiffer.at\/app\/wp-content\/uploads\/2020\/01\/MG_4357-3-1536x1024.jpg 1536w, https:\/\/www.appartement-schiffer.at\/app\/wp-content\/uploads\/2020\/01\/MG_4357-3-2048x1365.jpg 2048w\" sizes=\"auto, (max-width: 1024px) 100vw, 1024px\" \/><\/div><div class=\"gallery-box-item\"><img loading=\"lazy\" decoding=\"async\" width=\"1024\" height=\"683\" src=\"http:\/\/www.appartement-schiffer.at\/app\/wp-content\/uploads\/2020\/01\/MG_4377-1-1024x683.jpg\" alt=\"\" data-id=\"286\" data-link=\"http:\/\/www.appartement-schiffer.at\/app\/?attachment_id=286\" class=\"wp-image-286\" srcset=\"https:\/\/www.appartement-schiffer.at\/app\/wp-content\/uploads\/2020\/01\/MG_4377-1-1024x683.jpg 1024w, https:\/\/www.appartement-schiffer.at\/app\/wp-content\/uploads\/2020\/01\/MG_4377-1-300x200.jpg 300w, https:\/\/www.appartement-schiffer.at\/app\/wp-content\/uploads\/2020\/01\/MG_4377-1-768x512.jpg 768w, https:\/\/www.appartement-schiffer.at\/app\/wp-content\/uploads\/2020\/01\/MG_4377-1-1536x1024.jpg 1536w, https:\/\/www.appartement-schiffer.at\/app\/wp-content\/uploads\/2020\/01\/MG_4377-1-2048x1365.jpg 2048w\" sizes=\"auto, (max-width: 1024px) 100vw, 1024px\" \/><\/div><div class=\"gallery-box-item\"><img loading=\"lazy\" decoding=\"async\" width=\"1024\" height=\"683\" src=\"http:\/\/www.appartement-schiffer.at\/app\/wp-content\/uploads\/2020\/01\/MG_4381-1-1024x683.jpg\" alt=\"\" data-id=\"287\" data-link=\"http:\/\/www.appartement-schiffer.at\/app\/?attachment_id=287\" class=\"wp-image-287\" srcset=\"https:\/\/www.appartement-schiffer.at\/app\/wp-content\/uploads\/2020\/01\/MG_4381-1-1024x683.jpg 1024w, https:\/\/www.appartement-schiffer.at\/app\/wp-content\/uploads\/2020\/01\/MG_4381-1-300x200.jpg 300w, https:\/\/www.appartement-schiffer.at\/app\/wp-content\/uploads\/2020\/01\/MG_4381-1-768x512.jpg 768w, https:\/\/www.appartement-schiffer.at\/app\/wp-content\/uploads\/2020\/01\/MG_4381-1-1536x1024.jpg 1536w, https:\/\/www.appartement-schiffer.at\/app\/wp-content\/uploads\/2020\/01\/MG_4381-1-2048x1365.jpg 2048w\" sizes=\"auto, (max-width: 1024px) 100vw, 1024px\" \/><\/div><div class=\"gallery-box-item\"><img loading=\"lazy\" decoding=\"async\" width=\"1024\" height=\"683\" src=\"http:\/\/www.appartement-schiffer.at\/app\/wp-content\/uploads\/2020\/01\/MG_4388-1-1024x683.jpg\" alt=\"\" data-id=\"288\" data-link=\"http:\/\/www.appartement-schiffer.at\/app\/?attachment_id=288\" class=\"wp-image-288\" srcset=\"https:\/\/www.appartement-schiffer.at\/app\/wp-content\/uploads\/2020\/01\/MG_4388-1-1024x683.jpg 1024w, https:\/\/www.appartement-schiffer.at\/app\/wp-content\/uploads\/2020\/01\/MG_4388-1-300x200.jpg 300w, https:\/\/www.appartement-schiffer.at\/app\/wp-content\/uploads\/2020\/01\/MG_4388-1-768x512.jpg 768w, https:\/\/www.appartement-schiffer.at\/app\/wp-content\/uploads\/2020\/01\/MG_4388-1-1536x1024.jpg 1536w, https:\/\/www.appartement-schiffer.at\/app\/wp-content\/uploads\/2020\/01\/MG_4388-1-2048x1365.jpg 2048w\" sizes=\"auto, (max-width: 1024px) 100vw, 1024px\" \/><\/div><\/div><div class=\"gosign-gallery-box-thumbnail\" data-slick=\"{&quot;slidesToShow&quot;:3,&quot;slidesToScroll&quot;:1,&quot;arrows&quot;:true,&quot;dots&quot;:false,&quot;infinite&quot;:true,&quot;autoplay&quot;:true,&quot;autoplaySpeed&quot;:2000,&quot;asNavFor&quot;:&quot;.gosign-gallery-box-block&quot;,&quot;focusOnSelect&quot;:true,&quot;variableWidth&quot;:true}\"><div class=\"gallery-thumbnail-item\"><img loading=\"lazy\" decoding=\"async\" width=\"1024\" height=\"683\" src=\"http:\/\/www.appartement-schiffer.at\/app\/wp-content\/uploads\/2020\/01\/MG_4368-2-1024x683.jpg\" alt=\"\" data-id=\"311\" data-link=\"http:\/\/www.appartement-schiffer.at\/app\/?attachment_id=311\" class=\"wp-image-311\" srcset=\"https:\/\/www.appartement-schiffer.at\/app\/wp-content\/uploads\/2020\/01\/MG_4368-2-1024x683.jpg 1024w, https:\/\/www.appartement-schiffer.at\/app\/wp-content\/uploads\/2020\/01\/MG_4368-2-300x200.jpg 300w, https:\/\/www.appartement-schiffer.at\/app\/wp-content\/uploads\/2020\/01\/MG_4368-2-768x512.jpg 768w, https:\/\/www.appartement-schiffer.at\/app\/wp-content\/uploads\/2020\/01\/MG_4368-2-1536x1024.jpg 1536w, https:\/\/www.appartement-schiffer.at\/app\/wp-content\/uploads\/2020\/01\/MG_4368-2-2048x1365.jpg 2048w\" sizes=\"auto, (max-width: 1024px) 100vw, 1024px\" \/><\/div><div class=\"gallery-thumbnail-item\"><img loading=\"lazy\" decoding=\"async\" width=\"1024\" height=\"683\" src=\"http:\/\/www.appartement-schiffer.at\/app\/wp-content\/uploads\/2020\/01\/MG_4357-3-1024x683.jpg\" alt=\"\" data-id=\"310\" data-link=\"http:\/\/www.appartement-schiffer.at\/app\/?attachment_id=310\" class=\"wp-image-310\" srcset=\"https:\/\/www.appartement-schiffer.at\/app\/wp-content\/uploads\/2020\/01\/MG_4357-3-1024x683.jpg 1024w, https:\/\/www.appartement-schiffer.at\/app\/wp-content\/uploads\/2020\/01\/MG_4357-3-300x200.jpg 300w, https:\/\/www.appartement-schiffer.at\/app\/wp-content\/uploads\/2020\/01\/MG_4357-3-768x512.jpg 768w, https:\/\/www.appartement-schiffer.at\/app\/wp-content\/uploads\/2020\/01\/MG_4357-3-1536x1024.jpg 1536w, https:\/\/www.appartement-schiffer.at\/app\/wp-content\/uploads\/2020\/01\/MG_4357-3-2048x1365.jpg 2048w\" sizes=\"auto, (max-width: 1024px) 100vw, 1024px\" \/><\/div><div class=\"gallery-thumbnail-item\"><img loading=\"lazy\" decoding=\"async\" width=\"1024\" height=\"683\" src=\"http:\/\/www.appartement-schiffer.at\/app\/wp-content\/uploads\/2020\/01\/MG_4377-1-1024x683.jpg\" alt=\"\" data-id=\"286\" data-link=\"http:\/\/www.appartement-schiffer.at\/app\/?attachment_id=286\" class=\"wp-image-286\" srcset=\"https:\/\/www.appartement-schiffer.at\/app\/wp-content\/uploads\/2020\/01\/MG_4377-1-1024x683.jpg 1024w, https:\/\/www.appartement-schiffer.at\/app\/wp-content\/uploads\/2020\/01\/MG_4377-1-300x200.jpg 300w, https:\/\/www.appartement-schiffer.at\/app\/wp-content\/uploads\/2020\/01\/MG_4377-1-768x512.jpg 768w, https:\/\/www.appartement-schiffer.at\/app\/wp-content\/uploads\/2020\/01\/MG_4377-1-1536x1024.jpg 1536w, https:\/\/www.appartement-schiffer.at\/app\/wp-content\/uploads\/2020\/01\/MG_4377-1-2048x1365.jpg 2048w\" sizes=\"auto, (max-width: 1024px) 100vw, 1024px\" \/><\/div><div class=\"gallery-thumbnail-item\"><img loading=\"lazy\" decoding=\"async\" width=\"1024\" height=\"683\" src=\"http:\/\/www.appartement-schiffer.at\/app\/wp-content\/uploads\/2020\/01\/MG_4381-1-1024x683.jpg\" alt=\"\" data-id=\"287\" data-link=\"http:\/\/www.appartement-schiffer.at\/app\/?attachment_id=287\" class=\"wp-image-287\" srcset=\"https:\/\/www.appartement-schiffer.at\/app\/wp-content\/uploads\/2020\/01\/MG_4381-1-1024x683.jpg 1024w, https:\/\/www.appartement-schiffer.at\/app\/wp-content\/uploads\/2020\/01\/MG_4381-1-300x200.jpg 300w, https:\/\/www.appartement-schiffer.at\/app\/wp-content\/uploads\/2020\/01\/MG_4381-1-768x512.jpg 768w, https:\/\/www.appartement-schiffer.at\/app\/wp-content\/uploads\/2020\/01\/MG_4381-1-1536x1024.jpg 1536w, https:\/\/www.appartement-schiffer.at\/app\/wp-content\/uploads\/2020\/01\/MG_4381-1-2048x1365.jpg 2048w\" sizes=\"auto, (max-width: 1024px) 100vw, 1024px\" \/><\/div><div class=\"gallery-thumbnail-item\"><img loading=\"lazy\" decoding=\"async\" width=\"1024\" height=\"683\" src=\"http:\/\/www.appartement-schiffer.at\/app\/wp-content\/uploads\/2020\/01\/MG_4388-1-1024x683.jpg\" alt=\"\" data-id=\"288\" data-link=\"http:\/\/www.appartement-schiffer.at\/app\/?attachment_id=288\" class=\"wp-image-288\" srcset=\"https:\/\/www.appartement-schiffer.at\/app\/wp-content\/uploads\/2020\/01\/MG_4388-1-1024x683.jpg 1024w, https:\/\/www.appartement-schiffer.at\/app\/wp-content\/uploads\/2020\/01\/MG_4388-1-300x200.jpg 300w, https:\/\/www.appartement-schiffer.at\/app\/wp-content\/uploads\/2020\/01\/MG_4388-1-768x512.jpg 768w, https:\/\/www.appartement-schiffer.at\/app\/wp-content\/uploads\/2020\/01\/MG_4388-1-1536x1024.jpg 1536w, https:\/\/www.appartement-schiffer.at\/app\/wp-content\/uploads\/2020\/01\/MG_4388-1-2048x1365.jpg 2048w\" sizes=\"auto, (max-width: 1024px) 100vw, 1024px\" \/><\/div><\/div><\/div>\n\n\n\n<div class=\"wp-block-columns is-layout-flex wp-container-core-columns-is-layout-9d6595d7 wp-block-columns-is-layout-flex\">\n<div class=\"wp-block-column is-layout-flow wp-block-column-is-layout-flow\"><\/div>\n\n\n\n<div class=\"wp-block-column is-layout-flow wp-block-column-is-layout-flow\">\n<h4 class=\"wp-block-heading\"><\/h4>\n\n\n\n<p><br><\/p>\n\n\n\n<p><\/p>\n\n\n\n<p><br><br><\/p>\n\n\n\n<p><\/p>\n\n\n\n<p><\/p>\n\n\n\n<p><\/p>\n\n\n\n<p><\/p>\n<\/div>\n<\/div>\n\n\n\n<div class=\"wp-block-button aligncenter\"><a class=\"wp-block-button__link has-vivid-cyan-blue-background-color has-background\" href=\"https:\/\/web4.deskline.net\/accoktn\/de\/accommodation\/detail\/KTN\/3801c6d8-e928-4b23-ba33-270c163c149c\/appartements_schiffer_kremserwirt?customToolboxHide=true&amp;lkcs=02LIMA021\" style=\"border-radius:10px\">Jetzt buchen<\/a><\/div>\n","protected":false},"excerpt":{"rendered":"<p>Kapazit\u00e4t max: 4 Personen, ca. 45 m\u00b2, 1. Obergeschoss K\u00fcche: mit 2x Kochfeld, Mini Backofen, Schr\u00e4nke, K\u00fchlschrank mit Gefrierfach, Wasserkocher und Geschirr Bad: mit Dusche und Waschbecken Toilette: separat Wohn- und Essraum: kombiniert mit ausziehbarer Couch, Esstisch, Garderobe und SAT-TV Schlafzimmer: mit 1 Doppelbett und 1 Einzelbett Balkon, Elektroheizung, gratis W-LAN<\/p>\n","protected":false},"author":1,"featured_media":0,"parent":87,"menu_order":0,"comment_status":"closed","ping_status":"closed","template":"","meta":{"footnotes":""},"class_list":["post-296","page","type-page","status-publish","hentry"],"_links":{"self":[{"href":"https:\/\/www.appartement-schiffer.at\/app\/index.php?rest_route=\/wp\/v2\/pages\/296","targetHints":{"allow":["GET"]}}],"collection":[{"href":"https:\/\/www.appartement-schiffer.at\/app\/index.php?rest_route=\/wp\/v2\/pages"}],"about":[{"href":"https:\/\/www.appartement-schiffer.at\/app\/index.php?rest_route=\/wp\/v2\/types\/page"}],"author":[{"embeddable":true,"href":"https:\/\/www.appartement-schiffer.at\/app\/index.php?rest_route=\/wp\/v2\/users\/1"}],"replies":[{"embeddable":true,"href":"https:\/\/www.appartement-schiffer.at\/app\/index.php?rest_route=%2Fwp%2Fv2%2Fcomments&post=296"}],"version-history":[{"count":34,"href":"https:\/\/www.appartement-schiffer.at\/app\/index.php?rest_route=\/wp\/v2\/pages\/296\/revisions"}],"predecessor-version":[{"id":842,"href":"https:\/\/www.appartement-schiffer.at\/app\/index.php?rest_route=\/wp\/v2\/pages\/296\/revisions\/842"}],"up":[{"embeddable":true,"href":"https:\/\/www.appartement-schiffer.at\/app\/index.php?rest_route=\/wp\/v2\/pages\/87"}],"wp:attachment":[{"href":"https:\/\/www.appartement-schiffer.at\/app\/index.php?rest_route=%2Fwp%2Fv2%2Fmedia&parent=296"}],"curies":[{"name":"wp","href":"https:\/\/api.w.org\/{rel}","templated":true}]}}